 {"id":523,"date":"2024-01-11T10:20:46","date_gmt":"2024-01-11T09:20:46","guid":{"rendered":"https:\/\/scienzechirurgiche.med.uniroma2.it\/?page_id=523"},"modified":"2024-01-15T10:46:02","modified_gmt":"2024-01-15T09:46:02","slug":"presidio-di-qualita-2","status":"publish","type":"page","link":"https:\/\/scienzechirurgiche.med.uniroma2.it\/?page_id=523","title":{"rendered":"Presidio di Qualit\u00e0"},"content":{"rendered":"\n<p>L\u2019<strong>Assicurazione di Qualit\u00e0<\/strong>&nbsp;(<strong>AQ<\/strong>) di un Ateneo \u00e8 un sistema attraverso il quale gli organi di governo realizzano una politica della qualit\u00e0 della formazione, della ricerca e della terza missione, ponendo in essere azioni di progettazione, messa in opera, monitoraggio e controllo.<\/p>\n\n\n\n<p>Tali azioni \u2013 opportunamente pianificate, applicate sistematicamente, documentate e verificabili \u2013 hanno l\u2019obiettivo sia di produrre adeguata fiducia che siano disponibili gli strumenti atti a raggiungere gli obiettivi fondamentali delle attivit\u00e0 di formazione e ricerca, sia di verificare il grado in cui essi sono stati effettivamente raggiunti.<\/p>\n\n\n\n<p>Il sistema di AQ di Ateneo prevede, in particolare, la presenza del&nbsp;<strong>Presidio della Qualit\u00e0<\/strong><strong>&nbsp;(PQA)<\/strong>, istituito e organizzato in modo proporzionato alla numerosit\u00e0 e alla complessit\u00e0 delle attivit\u00e0 formative e di ricerca dell\u2019Ateneo.<\/p>\n","protected":false},"excerpt":{"rendered":"<p>L\u2019Assicurazione di Qualit\u00e0&nbsp;(AQ) di un Ateneo \u00e8 un sistema attraverso il quale gli organi di governo realizzano una politica della qualit\u00e0 della formazione, della ricerca e della terza missione, ponendo in essere azioni di progettazione, messa in opera, monitoraggio e<\/p>\n","protected":false},"author":2,"featured_media":0,"parent":0,"menu_order":0,"comment_status":"closed","ping_status":"closed","template":"","meta":{"footnotes":""},"_links":{"self":[{"href":"https:\/\/scienzechirurgiche.med.uniroma2.it\/index.php?rest_route=\/wp\/v2\/pages\/523"}],"collection":[{"href":"https:\/\/scienzechirurgiche.med.uniroma2.it\/index.php?rest_route=\/wp\/v2\/pages"}],"about":[{"href":"https:\/\/scienzechirurgiche.med.uniroma2.it\/index.php?rest_route=\/wp\/v2\/types\/page"}],"author":[{"embeddable":true,"href":"https:\/\/scienzechirurgiche.med.uniroma2.it\/index.php?rest_route=\/wp\/v2\/users\/2"}],"replies":[{"embeddable":true,"href":"https:\/\/scienzechirurgiche.med.uniroma2.it\/index.php?rest_route=%2Fwp%2Fv2%2Fcomments&post=523"}],"version-history":[{"count":5,"href":"https:\/\/scienzechirurgiche.med.uniroma2.it\/index.php?rest_route=\/wp\/v2\/pages\/523\/revisions"}],"predecessor-version":[{"id":649,"href":"https:\/\/scienzechirurgiche.med.uniroma2.it\/index.php?rest_route=\/wp\/v2\/pages\/523\/revisions\/649"}],"wp:attachment":[{"href":"https:\/\/scienzechirurgiche.med.uniroma2.it\/index.php?rest_route=%2Fwp%2Fv2%2Fmedia&parent=523"}],"curies":[{"name":"wp","href":"https:\/\/api.w.org\/{rel}","templated":true}]}}